. Let d be b(5). Calculate the greatest common divisor of d and 7.
7
Suppose -2*j + 2 = -2. Suppose 0 = -j*a + 19 + 25. Let n(m) = 3*m**2 + 9*m + 1. Let v be n(-6). What is the greatest common divisor of v and a?
11
Let p be 4*(1 + (4 - 4)). Calculate the highest common factor of 44 and p.
4
Let c = 22 - 20. Suppose -c*r = -l + 60, l - 4*r = -0*l + 54. What is the greatest common factor of 6 and l?
6
Let t be 118/10 + (-5)/(-25). Suppose a - 36 = -4*u, -3*a = -2*u - 6*a + 28. Calculate the highest common divisor of t and u.
4
Let f(i) = -4 + 0*i**3 - 12*i + 2*i**3 + 9*i**2 - 9 - i**3. Let x be f(-10). Suppose -2*w + 89 = -23. What is the highest common factor of w and x?
7
Suppose -2*y + 41 = 3*q, -4*y + 1 = -2*q + 39. Let t(f) = -5*f - 15. Let l be t(-6). Calculate the greatest common divisor of q and l.
15
Let z = -5 + 13. Suppose -3*c = -4 + 7. Let f be (c/(-2))/(2/256). What is the highest common factor of f and z?
8
Suppose 0 = -4*n - 81 + 209. Calculate the highest common divisor of n and 224.
32
Suppose 9*u + 216 = 13*u. Calculate the highest common factor of u and 27.
27
Let h be 14/3 + (-2)/3. Suppose i = -5*q - 13, -3*q - 22 + h = 4*i. Let s be 2/(-1) + (-274)/q. What is the highest common factor of 15 and s?
15
Suppose 0 = t + t + 14. Let g = t - -20. Let y(x) = 23*x**2 + x + 1. Let z be y(-2). What is the highest common divisor of z and g?
13
Let g(l) = 4*l - 2. Let m be g(4). Suppose 5*a = 31 + m. Calculate the greatest common factor of 99 and a.
9
Suppose -5*v = -3*v, 3*v - 25 = -5*x. What is the highest common divisor of x and 10?
5
Let r(y) = y**2 - 11*y + 1. Let h be r(12). Suppose 3*p = 2*p + 13. What is the greatest common divisor of h and p?
13
Suppose 2 = 2*u - 28. Let o = -9 + 11. Suppose -n = -o - 3. What is the greatest common factor of n and u?
5
Suppose -16*n = -15*n - 168. Let s = 74 + -53. What is the greatest common factor of n and s?
21
Let r be (-112)/(-6)*30/4. What is the highest common factor of 20 and r?
20
Suppose 3*h = o - 87, -o + 362 = 3*o + 2*h. Let d(r) = -9*r - 6. Let m be d(-4). Calculate the highest common factor of m and o.
30
Let k = -161 + 173. Calculate the highest common factor of 4 and k.
4
Let f be (-2)/((8/(-27))/4). Calculate the highest common divisor of 18 and f.
9
Let p(v) = -v**3 + 8*v**2 + 6*v + 5. Let a be p(7). What is the highest common divisor of 32 and a?
32
Suppose -3*t - 10 = -4*y, -3*y + 0 - 5 = 4*t. Let f = -2 + 11. Calculate the highest common divisor of f and y.
1
Let a = 6 + -3. Suppose -a*k - 3*s = -28 - 125, 141 = 3*k - s. What is the greatest common factor of k and 12?
12
Suppose -12 = -4*w, -5*x + 26 = -w - 16. Let f = 5 - 2. What is the highest common factor of f and x?
3
Let z = 5 + -1. Suppose 0 = -z*h - 0*h + 24. What is the highest common factor of h and 15?
3
Let a(m) = -m**3 + 5*m**2 + 5*m + 5. Suppose -2*i + 11 = 1. Let b be a(i). Calculate the greatest common factor of b and 12.
6
Suppose 1 = h + 5*y - 5, -3*y - 6 = 0. Let m be 34/8 + (-2)/8. What is the greatest common divisor of m and h?
4
Let z = 3 - 0. Suppose 0 = 4*m - z - 5. Suppose 0*a - 5*a + 10 = 0. What is the highest common factor of a and m?
2
Let y = 3 + -2. Let k(l) = l**2 - 6*l - 1. Let b be k(7). Suppose -4*c - g = -29, b*g = 3*c + g - 39. What is the highest common divisor of c and y?
1
Suppose -3*j + 5*j - 54 = -4*v, -j - 53 = -3*v. Calculate the greatest common divisor of 128 and v.
16
Let m(f) = 28*f. Let s be m(1). Suppose 2*b = -0*b + s. Let y(k) = 42*k. Let l be y(1). Calculate the highest common factor of l and b.
14
Let w(z) = -4*z - 13. Let l be w(-5). Calculate the greatest common factor of l and 28.
7
Suppose 0*z + 1 = -z. Let g be 1 - -8 - (z - 0). What is the highest common factor of 20 and g?
10
Let x = -10 + 26. Let i(g) = 4*g**2 + g - 1. Let y be i(1). Let a = y + -2. Calculate the highest common divisor of x and a.
2
Suppose -4*t = -9*t + 560. What is the greatest common divisor of 14 and t?
14
Suppose -3*b + 61 = 4*n + 9, 13 = n + 5*b. Suppose 0 = g + n - 98. Calculate the highest common divisor of g and 17.
17
Suppose w - 110 - 37 = 0. Calculate the highest common factor of w and 21.
21
Let p = -8 - -88. What is the greatest common factor of p and 10?
10
Let g be ((-8)/10)/(2/(-15)). Suppose -7 = -4*c - 27, f - 3*c - 21 = 0. What is the greatest common divisor of f and g?
6
Suppose -6*u + 93 = 4*y - u, 4*u - 26 = -y. What is the greatest common divisor of y and 198?
22
Suppose -138 = -2*j - 3*s, s = -2*j + 3*s + 128. Let r = -32 - -49. Suppose 2*u + 5 = r. What is the highest common factor of j and u?
6
Suppose 4*t = -3*h + 55, -t - 4*t - 4*h = -69. Calculate the highest common factor of t and 65.
13
Suppose 5*g = t - 40, 5*t - 44 - 112 = 3*g. Calculate the highest common divisor of t and 75.
15
Let y be (-2 - -2 - 2) + 2. Let o be 2/4*(2 + y). Suppose 2*f + 102 = 5*p, -o = -p - 5*f + 14. What is the greatest common divisor of 20 and p?
20
Let k be (-69)/(-4) + 3/(-12). Calculate the greatest common divisor of k and 51.
17
Let o = 10 - 1. Calculate the highest common divisor of o and 18.
9
Let p be (5/2)/(1/2). Let k = -35 - -50. What is the highest common divisor of k and p?
5
Suppose 0 = 4*z - z - 5*j - 260, 370 = 4*z + 5*j. Calculate the highest common factor of 10 and z.
10
Let v be (-2 - -1)*1 - -9. Suppose 0 = -2*r + v + 76. Let h be r/(-5)*(-6 + 1). Calculate the greatest common factor of 28 and h.
14
Let t be (7/(-2))/((-4)/8). Let l be ((-30)/t)/(1/(-7)). What is the greatest common divisor of 12 and l?
6
Suppose 6 = -2*n - 4, -3*n + 49 = 4*t. Calculate the greatest common divisor of t and 4.
4
Let t(c) = 89*c**3 + c**2 - 3*c + 1. Let u be t(1). What is the highest common factor of u and 8?
8
Suppose -3*w + 4*w - 279 = -5*m, -2*m - 4*w + 108 = 0. What is the highest common divisor of 8 and m?
8
Let u = 5 - -355. Suppose 0 = 5*k - k - u. Let c(l) = l**3 - 5*l**2 - 3*l. Let r be c(6). What is the highest common divisor of k and r?
18
Let v = 66 + 12. Calculate the highest common factor of 13 and v.
13
Suppose -12 = -4*q - 4*m, -3*q = -2*m - 3*m - 33. What is the highest common divisor of q and 3?
3
Suppose 2 = 2*i - 0*i. Let h be -1*i + (-56)/8. Let f = h + 13. Calculate the greatest common divisor of f and 20.
5
Suppose 5*i - 17 = -2. Suppose i*d - d = 4. Let w be -2 + 3 + -2 - -3. Calculate the greatest common divisor of w and d.
2
Suppose 315 = -0*y + 5*y. Let k = 93 - y. Calculate the greatest common factor of k and 5.
5
Let v(c) = -2*c**2 + 5*c + c**2 + 5 - 3 + 0*c**2. Let r be v(4). Calculate the highest common factor of 3 and r.
3
Let z = -73 + 84. Let o = -19 - -30. What is the highest common divisor of z and o?
11
Let z = -2 + 1. Let g be 1/((-4)/(-72)*2). Let q be z + (g - 3) + -3. Calculate the highest common divisor of 10 and q.
2
Suppose 3*g - 389 = -2*g + 2*j, 2*g - 2*j - 152 = 0. Let d = -41 + g. Let n = -112 + 207. Calculate the greatest common divisor of n and d.
19
Suppose -c - 4*r - 12 = -2*c, -r = 4*c + 20. Let o = 16 - c. Let x = 26 + -16. Calculate the greatest common divisor of o and x.
10
Suppose -3*m = -7*t + 2*t - 180, -287 = -5*m + 4*t. Suppose -2*b + 7*b - 330 = 0. Suppose 2*l - b = -4*l. Calculate the highest common divisor of m and l.
11
Let b(p) = -p**3 + p**2 + p + 1. Let f be b(-1). Let g be 4 - 3 - 11*1. Let a = g + 18. Calculate the highest common divisor of f and a.
2
Suppose 0 = -5*u + 7 + 8. Suppose u + 1 = 2*h. What is the highest common factor of 1 and h?
1
Let g be (4/12)/((-1)/(-6)). Let o be g - 2 - (-4)/2. Calculate the highest common divisor of o and 5.
1
Let u be ((-1)/(-2) - 1)*-12. Suppose 4*x - 29 = f - 99, -16 = 4*x. Calculate the greatest common factor of f and u.
6
Let g(d) be the third derivative of d**4/12 + 7*d**3/6 - 2*d**2. Let k be g(8). Let t = 47 - k. Calculate the highest common factor of 3 and t.
3
Suppose -3*l + 1 = -4*l - 4*k, 0 = 4*l + k - 41. Let d(p) = 4 - 3 + p**2 - 1 + 6*p. Let r be d(5). Calculate the greatest common divisor of r and l.
11
Let t(r) = r**2 + 7*r + 6. Let d be t(-5). Let b be ((-2)/d)/((-7)/(-42)). Calculate the highest common divisor of 27 and b.
3
Suppose 0 = -y + 3*y - 130. What is the highest common divisor of 13 and y?
13
Let p(a) = a**2 + 16*a + 45. Let s be p(-14). Calculate